 0. Let n = 2 + 1. Suppose 0 = x + 5*j + 2, 4*x + j = n*j + r. What is the remainder when 9 is divided by x?
0
Let i(f) = -f**3 - 8*f**2 - 9. Let s be i(-8). Let r = s + 18. Calculate the remainder when r is divided by 2.
1
Let r = 25 - 25. Suppose -72 = -3*i - 3*p, 4*i + r*p = -5*p + 93. Calculate the remainder when i is divided by 10.
7
Suppose 0 = 213*s - 234*s + 8526. What is the remainder when s is divided by 51?
49
Suppose -2*x = 0, -o + 1 - 4 = x. What is the remainder when 69 - ((2 + -2)/o + -2) is divided by 9?
8
Calculate the remainder when 21/(-14) - (-5 + (-535)/2) is divided by 39.
37
Suppose 4*x + 6*a - 3*a = 4, -4*a = 3*x + 4. Calculate the remainder when 57 is divided by x.
1
Suppose -13*y - 2 = -14*y. Suppose y*a - 32 = a. Suppose 2*v = -a + 106. What is the remainder when 71 is divided by v?
34
Let o = 3 - -2. What is the remainder when 48/(-7)*((-1995)/30)/19 is divided by o?
4
Let a = 230 - 216. Calculate the remainder when 557 is divided by a.
11
Let z(s) = -5*s + 117. What is the remainder when 38 is divided by z(21)?
2
Suppose -5*n + 20 = 2*z - 26, -4*n + 41 = 3*z. Suppose 0*b - 2*b = -n. Suppose 0 = b*x + 7 - 31. What is the remainder when 15 is divided by x?
3
Suppose 16 = -p - 5*w, 3*w - 10 = -3*p + 2. Let x be (7 - p)*(-65)/2. Suppose 2*q = 5*z + x, z - 3*z - 6 = 0. Calculate the remainder when q is divided by 9.
7
Let b(q) = -8 + 0 - 9*q + 2 - q**2. Calculate the remainder when 14 is divided by b(-7).
6
Suppose 0*k + 5*k = 0. Let f(s) = -s**3 + s**2 - s + 25. Suppose 0 = -2*j - 2*j + 296. What is the remainder when j is divided by f(k)?
24
Let d = 56 + -54. Suppose d*n - 3*h - 3 = -n, -5*h + 10 = 0. Calculate the remainder when -2*(0 + 0 + -4) is divided by n.
2
Let r be (-10)/(-60) - 17/(-6). Suppose 42 = r*v - 0*v. Calculate the remainder when 69 is divided by v.
13
Suppose -b = n - 62, 0 = -n - 5*b + 65 + 9. What is the remainder when n is divided by 10?
9
Let j(b) = -b - 12. Let c(y) = -6*y**2 - 2. Let a be c(2). Let l = -13 - a. What is the remainder when l is divided by j(-17)?
3
Suppose 6 = -11*v + 50. What is the remainder when 38 is divided by v?
2
Suppose 36 = l - 2*z - 43, -5*l - 4*z + 437 = 0. Calculate the remainder when l is divided by 9.
4
Suppose -2*p + u = 2, 2*u = -u. Calculate the remainder when 19 is divided by (-10 + 9)*p*7.
5
Let v = -409 - -617. What is the remainder when v is divided by 15?
13
Suppose -3*j = -156 - 51. Let t(v) = 2*v**3 - 39*v**2 + 54*v + 18. Calculate the remainder when j is divided by t(18).
15
Let r be 297/(-22)*(0 + 2)/(-1). Let k = -5 + r. Calculate the remainder when 129 is divided by k.
19
Let d(h) = -9*h - 2. Let c be (-1)/(6/20 + (-16)/120). What is the remainder when d(c) is divided by 11?
8
Let v = -75 + 80. Calculate the remainder when 9 is divided by v.
4
Let c(w) = -w + 96. What is the remainder when c(17) is divided by 20?
19
Let x(v) = -25*v + 86. What is the remainder when 50 is divided by x(3)?
6
Let d = 465 + -418. What is the remainder when 78 is divided by d?
31
Suppose 3*b - 4*i = 132 + 52, -120 = -2*b + 4*i. What is the remainder when 436 is divided by b?
52
Suppose 18 + 18 = 9*o. Suppose o*v = 14*v - 140. Calculate the remainder when v is divided by 2.
0
Let o(s) = s**3 + 18*s**2 + 9*s - 105. What is the remainder when 153 is divided by o(-17)?
29
Suppose 8 = 2*b, 0 = 3*a + 4*b - 34 - 138. Let u = a - 42. Calculate the remainder when 24 is divided by u.
4
Suppose a - 45 = -a - 5*x, 4*x - 20 = 0. Suppose -7*f + 27 = -8. What is the remainder when a is divided by f?
0
Let k be (-1)/(-5) + 1974/(-70). Let i = k + 33. Suppose i*u = -5, u + 21 + 8 = 4*w. Calculate the remainder when 22 is divided by w.
1
Let d(h) = h**3 + 16*h**2 + 14*h + 4. Let t be d(-15). Let g(w) = -w**3 + 20*w**2 - 19*w + 19. Calculate the remainder when 36 is divided by g(t).
17
Let s(y) = 0*y + 3*y - 4*y + 4*y**2 + 2*y**2. Let g be s(1). What is the remainder when g - 3/1 - -71 is divided by 19?
16
Let g(r) = 11*r**2 - r - 4. Let w be g(-1). Let c(a) = 4*a + 38. Calculate the remainder when c(w) is divided by 12.
10
Suppose x + 1 = 2*x. Let p(h) = h**3 + 15*h**2 + 12*h - 5. What is the remainder when x - 3 - -7*13 is divided by p(-14)?
20
Let h = -16 + 21. Calculate the remainder when 2573 is divided by h.
3
Suppose v - 60 = -3*v. Let u = 24 + 6. Let x = -22 + u. What is the remainder when v is divided by x?
7
Let z = -21 - -26. Suppose -t + 23 - z = 0. What is the remainder when t is divided by 10?
8
Let b = 133 + -91. Calculate the remainder when b is divided by 11.
9
Let c be 1 - 4/8*0. Let b(p) = 8*p - 4. Calculate the remainder when 19 is divided by b(c).
3
Let a be (-8 + 10)*17/(-2). Let x = -15 - a. What is the remainder when 7 is divided by x?
1
Let x(p) = -p**2 - 3*p - 8. Let h be x(-5). Let k = 27 + h. Suppose j + 100 = 5*j. Calculate the remainder when j is divided by k.
7
Let x(p) = 2*p + 47. Let z = 36 - 43. What is the remainder when ((-3)/(-2))/((-2)/(-172)) is divided by x(z)?
30
Suppose 0 = 8*q - 78 - 506. Let g = q - 39. Calculate the remainder when g is divided by 6.
4
Suppose 37 = 3*k - 4*z - 6, k - z - 15 = 0. Let p be 1/2*(k - -17). Calculate the remainder when -11 + 7 + p*9 is divided by 38.
35
Let l = -573 - -834. Calculate the remainder when l is divided by 24.
21
Suppose 2*y - 2*u = 168, -43 = -y + 2*u + 42. What is the remainder when 176 is divided by y?
10
Let x = 104 - -399. Calculate the remainder when x is divided by 72.
71
Let d = 8 + 16. Suppose -o + d = -0*o. Suppose -4*i + 5*t + 367 = 0, -3*i - 183 = -5*i + 3*t. Calculate the remainder when i is divided by o.
21
Let d = 110 - -27. Calculate the remainder when d is divided by 10.
7
Let l = 8 + -25. Let z = l - -17. Suppose -2*h = q - 1 - 0, z = -2*h + 3*q + 21. What is the remainder when h is divided by 1?
0
Suppose -2*v + 127 = 3*z - 0*v, 5*z = 2*v + 185. Let t(u) = u**2 + 2*u - 9. Let b be t(-8). Suppose 4*i - 21 = b. What is the remainder when z is divided by i?
9
Let c = -584 - -626. Suppose -21 = -s + 2*o, 97 - 24 = 3*s + 4*o. What is the remainder when c is divided by s?
19
Let i(d) = d**2 - 3*d + 9. Let k be i(7). Suppose 66 = 4*l - 2*l + f, -3*f + 33 = l. Calculate the remainder when l is divided by k/5 + (-8)/20.
5
What is the remainder when (14 + 1834/(-84))/(1/(-6)) is divided by 27?
20
Calculate the remainder when 17*(4 + 10 - 2) is divided by 13.
9
Suppose 4*n = -k + 29, 5*n - 17 - 8 = 0. Suppose 4*w - 5*r - 55 = 0, -74 + k = -5*w + 5*r. What is the remainder when 29 is divided by w?
9
Let m = 0 + 12. Let f(u) = 8*u**2 + 1. Let t = 0 - 2. What is the remainder when f(t) is divided by m?
9
Let d be (-1)/((-18)/15*2/(-12)). Let t(w) = w + 36. What is the remainder when 154 is divided by t(d)?
30
Let w = -79 - -146. Calculate the remainder when 126 is divided by w.
59
Suppose 5 = z + 4, 2*n + 3*z - 595 = 0. What is the remainder when n is divided by 75?
71
Suppose 0 = 4*r + 3 - 27. Let n(y) = y - 4. Suppose 76 = 4*d + 5*m, 0 = -m + 4*m - 12. Calculate the remainder when n(d) is divided by r.
4
What is the remainder when (-222)/(-14)*3 + 3/7 is divided by 2?
0
Let v(z) = -2*z - 12. Let i be v(-4). Let n(l) = l**3 + 7*l**2 + 6*l + 4. What is the remainder when n(i) is divided by 10?
8
Let r(s) = -6*s**2 - 10*s - 4. Let n(j) = -6*j**2 + 5*j**2 + 1 - j**2 + j**2. Let x(m) = 5*n(m) - r(m). Calculate the remainder when 17 is divided by x(-10).
8
Suppose 0 = -7*b + 151 + 59. Calculate the remainder when 60 is divided by b.
0
Calculate the remainder when 27 is divided by (-80)/6*81/(-72).
12
Let p(q) = q**2 - 8*q + 12. Suppose -w + 2 = -6. Let r be p(w). Let y(s) = s**2 - 9*s - 13. What is the remainder when y(r) is divided by 13?
10
Suppose -285 = -3*j + 2*k, -16 - 158 = -2*j - 4*k. Let r = 54 + -35. Calculate the remainder when j is divided by r.
17
Suppose 5*w = o + 12, -o - 4*o + 9 = -2*w. Suppose -5*s + f + f = -29, f = 3. Calculate the remainder when s is divided by w.
1
Let w be (-2)/(-5)*10/(-4). Calculate the remainder when -5 - -2 - (w + -30) is divided by 15.
13
Let n(x) = -14*x - 87. Calculate the remainder when 174 is divided by n(-8).
24
Suppose 52*a - 79*a = -702. Calculate the remainder when 74 + (-9)/(-3 - -6) is divided by a.
19
Let u = 167 + -144. What is the remainder when 